by v?
8
Let y be (-46)/(-3) + (-2)/(-3). Suppose 4 = -2*g, -3*k - 4*g + y = -15. Calculate the remainder when ((-50)/(-8))/(1/4) is divided by k.
12
Let q = 51 + -42. Calculate the remainder when q is divided by 2.
1
Suppose 0 = -4*q + 13 + 23. Let h(i) = i**2 + 4*i + 1. What is the remainder when q is divided by h(-5)?
3
Suppose -4 + 16 = u. Suppose 3*d - u = -0*d. What is the remainder when 1/((6/(-10))/(-3)) is divided by d?
1
Suppose 6*i - 75 = 3*i. What is the remainder when (-30)/(-4)*20/i is divided by 2?
0
Suppose 4 = 4*m, 0*j - 2*j + 5*m = -17. What is the remainder when 43 is divided by j?
10
Let w(v) = -6*v + 15. Calculate the remainder when w(1) is divided by 5.
4
Suppose 2*z = -0*z - 4*i + 26, 0 = -5*z + 3*i + 104. Calculate the remainder when 55 is divided by z.
17
Let o(h) = h**3 - 6*h**2 + 2*h. Let d be o(6). Suppose -d = 3*y - 72. Suppose 4*c + 0*c - y = 0. What is the remainder when 14 is divided by c?
4
Let n be (1/(-1) + 4)*1. Calculate the remainder when 87 is divided by (1 - n)*(-17 - -6).
21
Let a = 8 + 26. Calculate the remainder when a/4*(1 + 1) is divided by 5.
2
Suppose -31 - 4 = -5*a. What is the remainder when (-11)/(-1) + (5 - 4) is divided by a?
5
Suppose -n = -5*n + 40. What is the remainder when 128 is divided by n?
8
Let k(c) = -30*c**3 - c**2 - c - 1. Suppose -4*p + 3*p = -5. Suppose -2*j + p*n = -0*j - 5, 2*j - n = 17. Calculate the remainder when k(-1) is divided by j.
9
Let o(b) be the second derivative of -5*b**3/6 - 3*b**2/2 - b. Let f be o(3). What is the remainder when 25 is divided by f/4*(-1 + -1)?
7
Let z be 122/18 - (-8)/36. Suppose 3*i + 68 = z*i. Suppose 3*n + 6 = 4*n. Calculate the remainder when i is divided by n.
5
Suppose 2*n - 2 = 4*s, 5*n + 4*s - 13 = 2*n. Suppose -12 = -n*v + 24. Let i(f) = f**2 - 5*f - 2. Calculate the remainder when i(9) is divided by v.
10
Let g(q) = -2*q - 6. Let w be (-1)/3*(10 + 5). What is the remainder when 6 is divided by g(w)?
2
Suppose -9*p = -4 - 221. What is the remainder when 74 is divided by p?
24
Suppose -4*t - k + 73 - 12 = 0, -t = -2*k - 4. What is the remainder when 53 is divided by t?
11
Let c(j) be the first derivative of -j**3/3 - 5*j**2/2 - 2*j + 3. Let f be c(-4). Calculate the remainder when (2 - -57) + 2 - f is divided by 20.
19
Suppose 0 = t + 5 - 11. Calculate the remainder when 27 is divided by t.
3
Suppose 0 = -r + 7 - 4. Suppose -4*i = -r*o - 4 + 1, 3*i = 3*o. What is the remainder when 4 is divided by o?
1
Let v be (-5 - -4)/((-1)/2). Suppose 3*q - 2 = v*k + 10, -3*k - 1 = 4*q. What is the remainder when 3 is divided by q?
1
Suppose 5 = i + 3*u, -u + 2 = -i + 3. Suppose -4*a + 3 = -1. Calculate the remainder when i is divided by a.
0
Let g be (-1)/(-2) - 74/(-4). Let c = -8 + g. Calculate the remainder when c is divided by 5 + 0 + -3 + 4.
5
Calculate the remainder when 45 is divided by -1*(-85)/7 + 1/(-7).
9
Let x = 32 - 18. Calculate the remainder when 53 is divided by x.
11
Let o = 81 - 29. What is the remainder when o is divided by 18?
16
Suppose 3*m - 2*n - 23 = 0, -22 = -3*m - 3*n - 4. Let g = m - 17. Calculate the remainder when (-60)/8*8/g is divided by 4.
2
Let t be 3 - (-4 + (-4 - -1)). What is the remainder when 48 is divided by 52/5 - 4/t?
8
Calculate the remainder when 67 is divided by (-23)/(1/(-2)*2).
21
Suppose -g - 13 = -x, -4*x - 5*g + 15 = x. Let j(r) = r + 14. Let p be j(-12). What is the remainder when 1/(2/(92/p)) is divided by x?
7
Let g = -33 - -78. Calculate the remainder when g is divided by 16.
13
Let r = -5 + 7. Suppose -r*u = 3*n + 65, -52 + 158 = -4*u + 2*n. Let k = 48 + u. What is the remainder when k is divided by 7?
6
Suppose -u + 74 = -0*u. What is the remainder when u is divided by 19?
17
Let a(f) = f**2 - 12*f + 11. Let p be (-5 + 3)/((-1)/6). What is the remainder when 29 is divided by a(p)?
7
Let u(n) = n**2 - 2*n + 1. Let z be u(1). Let l be 1 - ((2 - z) + -2). Let a(h) = 9*h**2 + h. Calculate the remainder when 37 is divided by a(l).
7
Suppose 0 = -4*n + h - 21, -n + 5*h - 41 = 3*n. What is the remainder when 27 is divided by n/(-18) - (-183)/27?
6
Let v(h) = -h - 7. Let n(p) = -4*p**2 - 3*p - 1. Let w be n(-2). What is the remainder when v(w) is divided by 3?
1
Suppose 3*i - 11 = -2*f, -2*f = -i + 19 - 2. Let h = 0 + 13. What is the remainder when h is divided by i?
6
Let w(s) = 6*s + 2. Let p = -3 + 5. Calculate the remainder when 41 is divided by w(p).
13
Suppose -3*y = -4*y - 4*p + 6, -p = -5*y + 30. Suppose 4*a + l - 55 = 1, 0 = -5*a - 5*l + 55. Calculate the remainder when a is divided by y.
3
Let o(s) = 3 + 0*s**2 + 7*s + s**2 + 2 - 2*s**2. Let m be o(7). Suppose q - 14 = -z, -m*q = 11 + 9. What is the remainder when z is divided by 10?
8
Suppose 106 + 6 = i. Calculate the remainder when i is divided by 23.
20
Let x(t) be the first derivative of 1 + 2/3*t**3 + 2*t + 1/2*t**2. What is the remainder when 23 is divided by x(-2)?
7
Suppose 2*l = 2*r - 27 + 3, 0 = 3*r + 2*l - 26. What is the remainder when r is divided by 4?
2
Let i(k) = -2*k**3 - k**2 - 2*k + 1. Calculate the remainder when i(-3) is divided by 18.
16
Let l(h) = -h**3 + 4*h**2 + 8*h - 3. Suppose 2*s = -3*t - t + 24, 3*t - 2*s = 11. What is the remainder when 35 is divided by l(t)?
11
Suppose 4*u - 8 = -0*u. Suppose 2 + u = 4*q. Let h(c) = c + 18. What is the remainder when h(-15) is divided by q?
0
Let o(x) = x**3 + 4*x**2 - 4*x + 5. Let y be o(-5). Suppose 0 = -5*f + f - v + 11, f + 3*v = y. Calculate the remainder when 8 is divided by f.
2
Let s = -10 - -28. Suppose 0 = -m - 0*m + s. Calculate the remainder when 70 is divided by m.
16
Let z = -2 - -14. What is the remainder when 19 is divided by z?
7
Suppose -3*n + 4*n - 57 = -2*y, 4*n = -2*y + 240. What is the remainder when n is divided by 21?
19
Suppose 0 = -2*g - 3*g - 20. Suppose 5*i = 107 - 27. Calculate the remainder when i is divided by (g/(-3))/(20/90).
4
Let z(v) = -2*v**2 - 8*v - 10. Let q be z(-5). Let w = -11 - q. Calculate the remainder when 33 is divided by w.
6
Let i = 33 + -22. Let z = i + 25. Suppose 4*d - 2*j - 26 = 2*d, d - 13 = -3*j. What is the remainder when z is divided by d?
10
Let v be 2/1 - -4*1. Calculate the remainder when 3/(-2)*(-28)/v is divided by 5.
2
Suppose 3*y = -2*y. Suppose y = 3*u - 17 + 2. Suppose 4*p + p + 29 = 3*z, -4*z + 5*p + 42 = 0. What is the remainder when z is divided by u?
3
Let y = 17 + -39. Let l = -11 - y. Calculate the remainder when 19 is divided by l.
8
Suppose -5*q - 2*k + 11 + 12 = 0, 2*k + 2 = 0. Suppose -4*g - 76 = -q*m - 205, -2*g = 5*m - 57. Calculate the remainder when g is divided by 8.
7
Let i = 26 + -13. Let h(v) = -v**3 + 14*v**2 - 8*v - 14. Calculate the remainder when h(i) is divided by 26.
25
Suppose -111 - 29 = -4*f. What is the remainder when f is divided by 14?
7
Let r be (14/6)/((-2)/36). Let c(f) = -2*f + 22. Let k be c(8). Calculate the remainder when ((-48)/14)/(k/r) is divided by 9.
6
What is the remainder when (-6)/(-4) + 18/12 + 63 is divided by 10?
6
Let q = -3 + 14. Let f(t) = t**3 - 10*t**2 - 9*t - 8. Calculate the remainder when f(q) is divided by 8.
6
Let v(s) = 2*s - 17. Let i be v(10). Suppose -i*h + 15 = 3. What is the remainder when 9 is divided by h?
1
Let r be -1*(1 + 0) + 14. Suppose -57 = -4*l - r. Calculate the remainder when 42 is divided by l.
9
Let b be -12*((-7)/4 - 1). What is the remainder when (b/(-2 - -1))/(-1) is divided by 12?
9
Let q(j) = j**2 - j - 1. Calculate the remainder when q(2) is divided by ((-6)/(-2))/(-3)*-1.
0
Let d(f) = 2*f + f - 8 + 2*f - 3*f. Calculate the remainder when 17 is divided by d(7).
5
Suppose 4*r = 2*r + 2. What is the remainder when (-254)/(-6) + r/(-3) is divided by ((-22)/(-3))/(2/6)?
20
Suppose 4*j + 203 = 5*w, 0 = 4*w - 0*j + 3*j - 150. Calculate the remainder when w is divided by 14.
11
Suppose 4*m = 3*m + 30. Calculate the remainder when m is divided by 11.
8
Calculate the remainder when (-2)/7 + 615/21 is divided by 10.
9
Let l = 168 - 135. What is the remainder when l is divided by 21?
12
Suppose -3*s + 20 = s. Let z = 16 + -11. What is the remainder when s is divided by (-25)/z*(-4)/10?
1
Suppose -3 - 3 = -2*h. Suppose h*g + 4*b = 5*b + 57, 0 = -g + 4*b + 30. What is the remainder when g is divided by 5?
3
Let m(a) = a**3 - 3*a**2 - 2*a -